{"id":7767,"date":"2021-03-01T18:57:49","date_gmt":"2021-03-01T18:57:49","guid":{"rendered":"http:\/\/olalina-trans.md\/?page_id=7767"},"modified":"2022-04-28T13:14:41","modified_gmt":"2022-04-28T11:14:41","slug":"adr-transport-marfuri-periculoase","status":"publish","type":"page","link":"https:\/\/olalina-trans.md\/index.php\/adr-transport-marfuri-periculoase\/","title":{"rendered":"Transport de m\u0103rfuri periculoase (ADR)"},"content":{"rendered":"<style type=\"text\/css\"> \n#cmsmasters_row_69d975f32f2db5_21524654 .cmsmasters_row_outer_parent { \n\tpadding-top: 0px; \n} \n\n#cmsmasters_row_69d975f32f2db5_21524654 .cmsmasters_row_outer_parent { \n\tpadding-bottom: 10px; \n} \n\n \n#cmsmasters_heading_69d975f32f4d70_95219878 { \n\ttext-align:left; \n\tmargin-top:0px; \n\tmargin-bottom:0px; \n} \n\n#cmsmasters_heading_69d975f32f4d70_95219878 .cmsmasters_heading { \n\ttext-align:left; \n} \n\n#cmsmasters_heading_69d975f32f4d70_95219878 .cmsmasters_heading, #cmsmasters_heading_69d975f32f4d70_95219878 .cmsmasters_heading a { \n\tfont-family:'Roboto Condensed'; \n\tfont-size:18px; \n\tline-height:24px; \n\tfont-weight:600; \n\tfont-style:normal; \n\tcolor:#a8a8a8;\n} \n\n#cmsmasters_heading_69d975f32f4d70_95219878 .cmsmasters_heading_divider { \n} \n\n \n#cmsmasters_heading_69d975f32f5431_17694297 { \n\ttext-align:left; \n\tmargin-top:0px; \n\tmargin-bottom:20px; \n} \n\n#cmsmasters_heading_69d975f32f5431_17694297 .cmsmasters_heading { \n\ttext-align:left; \n} \n\n#cmsmasters_heading_69d975f32f5431_17694297 .cmsmasters_heading, #cmsmasters_heading_69d975f32f5431_17694297 .cmsmasters_heading a { \n\tfont-size:28px; \n\tfont-weight:600; \n\tfont-style:normal; \n} \n\n#cmsmasters_heading_69d975f32f5431_17694297 .cmsmasters_heading_divider { \n} \n\n \n#cmsmasters_divider_69d975f32f5979_11314738 { \n\tborder-bottom-width:1px; \n\tborder-bottom-style:solid; \n\tpadding-top:0px; \n\tmargin-bottom:40px; \n} \n \n#cmsmasters_row_69d975f32f8343_73471226 .cmsmasters_row_outer_parent { \n\tpadding-top: 0px; \n} \n\n#cmsmasters_row_69d975f32f8343_73471226 .cmsmasters_row_outer_parent { \n\tpadding-bottom: 10px; \n} \n\n \n#cmsmasters_row_69d975f33054c5_02192339 .cmsmasters_row_outer_parent { \n\tpadding-top: 0px; \n} \n\n#cmsmasters_row_69d975f33054c5_02192339 .cmsmasters_row_outer_parent { \n\tpadding-bottom: 40px; \n} \n\n \n#cmsmasters_row_69d975f3308830_86256570 .cmsmasters_row_outer_parent { \n\tpadding-top: 0px; \n} \n\n#cmsmasters_row_69d975f3308830_86256570 .cmsmasters_row_outer_parent { \n\tpadding-bottom: 0px; \n} \n\n \n#cmsmasters_divider_69d975f330acf1_64574942 { \n\tborder-bottom-width:1px; \n\tborder-bottom-style:solid; \n\tpadding-top:0px; \n\tmargin-bottom:40px; \n} \n \n#cmsmasters_row_69d975f330b287_23418552 .cmsmasters_row_outer_parent { \n\tpadding-bottom: 50px; \n} \n\n \n#cmsmasters_icon_box_69d975f330cf35_91927504 { \n\tborder-width:1px; \n\tbackground-color:#fcfcfc;\n\tborder-color:#e4e4e4;\n} \n\n#cmsmasters_icon_box_69d975f330cf35_91927504:before, \n#cmsmasters_icon_box_69d975f330cf35_91927504 .icon_box_heading:before { \n\tfont-size:30px; \n\tline-height:60px; \n\twidth:60px; \n\theight:60px; \n\tborder-width:0px; \n\t-webkit-border-radius:50%; \n\tborder-radius:50%; \n\tcolor:#ffffff;\n\tbackground-color:#f02830;\n} \n\n#cmsmasters_icon_box_69d975f330cf35_91927504.cmsmasters_icon_heading_left, \n#cmsmasters_icon_box_69d975f330cf35_91927504.cmsmasters_icon_top, \n#cmsmasters_icon_box_69d975f330cf35_91927504.cmsmasters_icon_box_left_top { \n\tpadding:30px 20px; } \n\n#cmsmasters_icon_box_69d975f330cf35_91927504.cmsmasters_icon_top:before { \n\ttop:30px;} \n\n#cmsmasters_icon_box_69d975f330cf35_91927504.cmsmasters_icon_box_left, \n#cmsmasters_icon_box_69d975f330cf35_91927504.cmsmasters_icon_box_left_top { \n\tpadding-left:60px; \n\tmargin-left:30px; \n\t} \n\n#cmsmasters_icon_box_69d975f330cf35_91927504.cmsmasters_icon_box_left:before, \n#cmsmasters_icon_box_69d975f330cf35_91927504.cmsmasters_icon_box_left_top:before { \n\tleft:-30px; \n\t} \n\n#cmsmasters_icon_box_69d975f330cf35_91927504.cmsmasters_icon_box_left_top { \n\tpadding-top:30px; \n\tmargin-top:60px; \n\t} \n\n#cmsmasters_icon_box_69d975f330cf35_91927504.cmsmasters_icon_box_left_top:before { \n\tmargin-top:-30px; \n\t} \n\n \n#cmsmasters_divider_69d975f330d934_96087144 { \n\tborder-bottom-width:0px; \n\tborder-bottom-style:solid; \n\tpadding-top:0px; \n\tmargin-bottom:40px; \n} \n \n#cmsmasters_icon_box_69d975f330ddf8_99395496 { \n\tborder-width:1px; \n\tbackground-color:#fcfcfc;\n\tborder-color:#e4e4e4;\n} \n\n#cmsmasters_icon_box_69d975f330ddf8_99395496:before, \n#cmsmasters_icon_box_69d975f330ddf8_99395496 .icon_box_heading:before { \n\tfont-size:30px; \n\tline-height:60px; \n\twidth:60px; \n\theight:60px; \n\tborder-width:0px; \n\t-webkit-border-radius:50%; \n\tborder-radius:50%; \n\tcolor:#ffffff;\n\tbackground-color:#f02830;\n} \n\n#cmsmasters_icon_box_69d975f330ddf8_99395496.cmsmasters_icon_heading_left, \n#cmsmasters_icon_box_69d975f330ddf8_99395496.cmsmasters_icon_top, \n#cmsmasters_icon_box_69d975f330ddf8_99395496.cmsmasters_icon_box_left_top { \n\tpadding:30px 20px; } \n\n#cmsmasters_icon_box_69d975f330ddf8_99395496.cmsmasters_icon_top:before { \n\ttop:30px;} \n\n#cmsmasters_icon_box_69d975f330ddf8_99395496.cmsmasters_icon_box_left, \n#cmsmasters_icon_box_69d975f330ddf8_99395496.cmsmasters_icon_box_left_top { \n\tpadding-left:60px; \n\tmargin-left:30px; \n\t} \n\n#cmsmasters_icon_box_69d975f330ddf8_99395496.cmsmasters_icon_box_left:before, \n#cmsmasters_icon_box_69d975f330ddf8_99395496.cmsmasters_icon_box_left_top:before { \n\tleft:-30px; \n\t} \n\n#cmsmasters_icon_box_69d975f330ddf8_99395496.cmsmasters_icon_box_left_top { \n\tpadding-top:30px; \n\tmargin-top:60px; \n\t} \n\n#cmsmasters_icon_box_69d975f330ddf8_99395496.cmsmasters_icon_box_left_top:before { \n\tmargin-top:-30px; \n\t} \n\n \n#cmsmasters_icon_box_69d975f330f0a7_90366968 { \n\tborder-width:1px; \n\tbackground-color:#fcfcfc;\n\tborder-color:#e4e4e4;\n} \n\n#cmsmasters_icon_box_69d975f330f0a7_90366968:before, \n#cmsmasters_icon_box_69d975f330f0a7_90366968 .icon_box_heading:before { \n\tfont-size:30px; \n\tline-height:60px; \n\twidth:60px; \n\theight:60px; \n\tborder-width:0px; \n\t-webkit-border-radius:50%; \n\tborder-radius:50%; \n} \n\n#cmsmasters_icon_box_69d975f330f0a7_90366968.cmsmasters_icon_heading_left, \n#cmsmasters_icon_box_69d975f330f0a7_90366968.cmsmasters_icon_top, \n#cmsmasters_icon_box_69d975f330f0a7_90366968.cmsmasters_icon_box_left_top { \n\tpadding:30px 20px; } \n\n#cmsmasters_icon_box_69d975f330f0a7_90366968.cmsmasters_icon_top:before { \n\ttop:30px;} \n\n#cmsmasters_icon_box_69d975f330f0a7_90366968.cmsmasters_icon_box_left, \n#cmsmasters_icon_box_69d975f330f0a7_90366968.cmsmasters_icon_box_left_top { \n\tpadding-left:60px; \n\tmargin-left:30px; \n\t} \n\n#cmsmasters_icon_box_69d975f330f0a7_90366968.cmsmasters_icon_box_left:before, \n#cmsmasters_icon_box_69d975f330f0a7_90366968.cmsmasters_icon_box_left_top:before { \n\tleft:-30px; \n\t} \n\n#cmsmasters_icon_box_69d975f330f0a7_90366968.cmsmasters_icon_box_left_top { \n\tpadding-top:30px; \n\tmargin-top:60px; \n\t} \n\n#cmsmasters_icon_box_69d975f330f0a7_90366968.cmsmasters_icon_box_left_top:before { \n\tmargin-top:-30px; \n\t} \n\n \n#cmsmasters_divider_69d975f330f8b1_49298381 { \n\tborder-bottom-width:0px; \n\tborder-bottom-style:solid; \n\tpadding-top:0px; \n\tmargin-bottom:40px; \n} \n \n#cmsmasters_icon_box_69d975f330fd29_18806473 { \n\tborder-width:1px; \n\tbackground-color:#fcfcfc;\n\tborder-color:#e4e4e4;\n} \n\n#cmsmasters_icon_box_69d975f330fd29_18806473:before, \n#cmsmasters_icon_box_69d975f330fd29_18806473 .icon_box_heading:before { \n\tfont-size:30px; \n\tline-height:60px; \n\twidth:60px; \n\theight:60px; \n\tborder-width:0px; \n\t-webkit-border-radius:50%; \n\tborder-radius:50%; \n} \n\n#cmsmasters_icon_box_69d975f330fd29_18806473.cmsmasters_icon_heading_left, \n#cmsmasters_icon_box_69d975f330fd29_18806473.cmsmasters_icon_top, \n#cmsmasters_icon_box_69d975f330fd29_18806473.cmsmasters_icon_box_left_top { \n\tpadding:30px 20px; } \n\n#cmsmasters_icon_box_69d975f330fd29_18806473.cmsmasters_icon_top:before { \n\ttop:30px;} \n\n#cmsmasters_icon_box_69d975f330fd29_18806473.cmsmasters_icon_box_left, \n#cmsmasters_icon_box_69d975f330fd29_18806473.cmsmasters_icon_box_left_top { \n\tpadding-left:60px; \n\tmargin-left:30px; \n\t} \n\n#cmsmasters_icon_box_69d975f330fd29_18806473.cmsmasters_icon_box_left:before, \n#cmsmasters_icon_box_69d975f330fd29_18806473.cmsmasters_icon_box_left_top:before { \n\tleft:-30px; \n\t} \n\n#cmsmasters_icon_box_69d975f330fd29_18806473.cmsmasters_icon_box_left_top { \n\tpadding-top:30px; \n\tmargin-top:60px; \n\t} \n\n#cmsmasters_icon_box_69d975f330fd29_18806473.cmsmasters_icon_box_left_top:before { \n\tmargin-top:-30px; \n\t} \n\n<\/style><div id=\"cmsmasters_row_69d975f32f2db5_21524654\" class=\"cmsmasters_row cmsmasters_color_scheme_default cmsmasters_row_top_default cmsmasters_row_bot_default cmsmasters_row_boxed\">\n<div class=\"cmsmasters_row_outer_parent\">\n<div class=\"cmsmasters_row_outer\">\n<div class=\"cmsmasters_row_inner\">\n<div class=\"cmsmasters_row_margin\">\n<div class=\"cmsmasters_column one_first\">\n\n<div id=\"cmsmasters_heading_69d975f32f4d70_95219878\" class=\"cmsmasters_heading_wrap cmsmasters_heading_align_left\">\n\t<h3 class=\"cmsmasters_heading\">Servicii<\/h3>\n<\/div>\n<div id=\"cmsmasters_heading_69d975f32f5431_17694297\" class=\"cmsmasters_heading_wrap cmsmasters_heading_align_left\">\n\t<h1 class=\"cmsmasters_heading\">TRANSPORT DE MARFURI PERICULOASE &#8211; ADR<\/h1>\n<\/div>\n\n<div id=\"cmsmasters_divider_69d975f32f5979_11314738\" class=\"cmsmasters_divider cmsmasters_divider_width_long cmsmasters_divider_pos_center\"><\/div>\n<div class=\"cmsmasters_text\">\n<p><strong>Compania OLALINA TRANS v\u0103 ofer\u0103 solu\u021bii pentru transportarea interna\u021bional\u0103 al m\u0103rfurilor periculoase, abreviat ADR.<\/strong> Transportul rutier al m\u0103rfurilor periculoase, ca si cel realizat pe calea ferata, c\u0103ile navigabile interioare, precum si transportul maritim si aerian, sunt reglementate prin acorduri interna\u021bionale, reglementari ale Uniunii Europene, precum si prin legisla\u021bia na\u021bionala.<\/p>\n<\/div>\n<\/div>\n<\/div>\n<\/div>\n<\/div>\n<\/div>\n<\/div>\n<div id=\"cmsmasters_row_69d975f32f8343_73471226\" class=\"cmsmasters_row cmsmasters_color_scheme_default cmsmasters_row_top_default cmsmasters_row_bot_default cmsmasters_row_boxed\">\n<div class=\"cmsmasters_row_outer_parent\">\n<div class=\"cmsmasters_row_outer\">\n<div class=\"cmsmasters_row_inner\">\n<div class=\"cmsmasters_row_margin\">\n<div class=\"cmsmasters_column one_half\">\n<div class=\"cmsmasters_content_slider_wrap\" style=\"max-width:580px;\">\n<script type=\"text\/javascript\">jQuery(document).ready(function () { jQuery(\"#cmsmasters_slider_69d975f32fa6f3_27836189.cmsmasters_content_slider\").owlCarousel( { singleItem : true, transitionStyle: false, rewindSpeed : 1000, slideSpeed : 600, autoHeight : true, paginationSpeed : \t600, autoPlay : 7000,navigationText : \t[ \"<span class=\\\"cmsmasters_prev_arrow\\\"><span><\/span><\/span>\", \"<span class=\\\"cmsmasters_next_arrow\\\"><span><\/span><\/span>\" ] } );} );<\/script>\n<div id=\"cmsmasters_slider_69d975f32fa6f3_27836189\" class=\"cmsmasters_content_slider cmsmasters_owl_slider owl-carousel\">\n<div class=\"cmsmasters_content_slider_item\"><img loading=\"lazy\" decoding=\"async\" width=\"500\" height=\"325\" src=\"https:\/\/olalina-trans.md\/wp-content\/uploads\/ADR-transport-periculos\/clase-adr.png\" class=\"attachment-cmsmasters-project-masonry-thumb size-cmsmasters-project-masonry-thumb\" alt=\"\" srcset=\"https:\/\/olalina-trans.md\/wp-content\/uploads\/ADR-transport-periculos\/clase-adr.png 500w, https:\/\/olalina-trans.md\/wp-content\/uploads\/ADR-transport-periculos\/clase-adr-300x195.png 300w\" sizes=\"auto, (max-width: 500px) 100vw, 500px\" \/><\/div><div class=\"cmsmasters_content_slider_item\"><img loading=\"lazy\" decoding=\"async\" width=\"580\" height=\"393\" src=\"https:\/\/olalina-trans.md\/wp-content\/uploads\/ADR-transport-periculos\/pagina-marcaje-securitate-clase-olalina-transport-580x393.jpg\" class=\"attachment-cmsmasters-project-masonry-thumb size-cmsmasters-project-masonry-thumb\" alt=\"\" srcset=\"https:\/\/olalina-trans.md\/wp-content\/uploads\/ADR-transport-periculos\/pagina-marcaje-securitate-clase-olalina-transport-580x393.jpg 580w, https:\/\/olalina-trans.md\/wp-content\/uploads\/ADR-transport-periculos\/pagina-marcaje-securitate-clase-olalina-transport-300x203.jpg 300w, https:\/\/olalina-trans.md\/wp-content\/uploads\/ADR-transport-periculos\/pagina-marcaje-securitate-clase-olalina-transport-1024x693.jpg 1024w, https:\/\/olalina-trans.md\/wp-content\/uploads\/ADR-transport-periculos\/pagina-marcaje-securitate-clase-olalina-transport-768x520.jpg 768w, https:\/\/olalina-trans.md\/wp-content\/uploads\/ADR-transport-periculos\/pagina-marcaje-securitate-clase-olalina-transport-860x582.jpg 860w, https:\/\/olalina-trans.md\/wp-content\/uploads\/ADR-transport-periculos\/pagina-marcaje-securitate-clase-olalina-transport-1160x785.jpg 1160w, https:\/\/olalina-trans.md\/wp-content\/uploads\/ADR-transport-periculos\/pagina-marcaje-securitate-clase-olalina-transport-600x406.jpg 600w, https:\/\/olalina-trans.md\/wp-content\/uploads\/ADR-transport-periculos\/pagina-marcaje-securitate-clase-olalina-transport.jpg 1523w\" sizes=\"auto, (max-width: 580px) 100vw, 580px\" \/><\/div><div class=\"cmsmasters_content_slider_item\"><img loading=\"lazy\" decoding=\"async\" width=\"580\" height=\"391\" src=\"https:\/\/olalina-trans.md\/wp-content\/uploads\/ADR-transport-periculos\/transport-adr-marfuri-periculoase-scaled.jpg\" class=\"attachment-cmsmasters-project-masonry-thumb size-cmsmasters-project-masonry-thumb\" alt=\"\" \/><\/div><div class=\"cmsmasters_content_slider_item\"><img loading=\"lazy\" decoding=\"async\" width=\"580\" height=\"861\" src=\"https:\/\/olalina-trans.md\/wp-content\/uploads\/ADR-transport-periculos\/adr-certificat-model-580x861.jpg\" class=\"attachment-cmsmasters-project-masonry-thumb size-cmsmasters-project-masonry-thumb\" alt=\"Certificat Model ADR\" srcset=\"https:\/\/olalina-trans.md\/wp-content\/uploads\/ADR-transport-periculos\/adr-certificat-model-580x861.jpg 580w, https:\/\/olalina-trans.md\/wp-content\/uploads\/ADR-transport-periculos\/adr-certificat-model-202x300.jpg 202w, https:\/\/olalina-trans.md\/wp-content\/uploads\/ADR-transport-periculos\/adr-certificat-model-690x1024.jpg 690w, https:\/\/olalina-trans.md\/wp-content\/uploads\/ADR-transport-periculos\/adr-certificat-model-768x1140.jpg 768w, https:\/\/olalina-trans.md\/wp-content\/uploads\/ADR-transport-periculos\/adr-certificat-model-1035x1536.jpg 1035w, https:\/\/olalina-trans.md\/wp-content\/uploads\/ADR-transport-periculos\/adr-certificat-model-1380x2048.jpg 1380w, https:\/\/olalina-trans.md\/wp-content\/uploads\/ADR-transport-periculos\/adr-certificat-model-860x1277.jpg 860w, https:\/\/olalina-trans.md\/wp-content\/uploads\/ADR-transport-periculos\/adr-certificat-model-1160x1722.jpg 1160w, https:\/\/olalina-trans.md\/wp-content\/uploads\/ADR-transport-periculos\/adr-certificat-model-600x891.jpg 600w, https:\/\/olalina-trans.md\/wp-content\/uploads\/ADR-transport-periculos\/adr-certificat-model.jpg 1563w\" sizes=\"auto, (max-width: 580px) 100vw, 580px\" \/><\/div><\/div>\n<\/div>\n<\/div>\n<div class=\"cmsmasters_column one_half\">\n<div class=\"cmsmasters_text\">\n<p>Conform ADR, clasificarea substan\u021belor periculoase este urm\u0103toarea:<\/p>\n<ul>\n<li>Clasa 1: substan\u0163e \u015fi obiecte explozive<\/li>\n<li>Clasa 2: gaze<\/li>\n<li>Clasa 3: lichide inflamabile<\/li>\n<li>Clasa 4.1: substan\u0163e solide inflamabile, substan\u0163e autoreactive \u015fi substan\u0163e explozive, desensibilizate solide<\/li>\n<li>Clasa 4.2: substan\u0163e cu combustie spontan\u0103<\/li>\n<li>Clasa 4.3: substan\u0163e care, la contactul cu ap\u0103, degaj\u0103 gaze inflamabile<\/li>\n<li>Clasa 5.1: substan\u0163e comburante<\/li>\n<li>Clasa 5.2: peroxizi organici<\/li>\n<li>Clasa 6.1: substan\u0163e toxice<\/li>\n<li>Clasa 6.2: substan\u0163e infec\u0163ioase<\/li>\n<li>Clasa 7: substan\u0163e radioactive<\/li>\n<li>Clasa 8: substan\u0163e corozive<\/li>\n<li>Clasa 9: substan\u0163e \u015fi obiecte periculoase diverse<\/li>\n<\/ul>\n<\/div>\n<\/div>\n<\/div>\n<\/div>\n<\/div>\n<\/div>\n<\/div>\n<div id=\"cmsmasters_row_69d975f33054c5_02192339\" class=\"cmsmasters_row cmsmasters_color_scheme_default cmsmasters_row_top_default cmsmasters_row_bot_default cmsmasters_row_boxed\">\n<div class=\"cmsmasters_row_outer_parent\">\n<div class=\"cmsmasters_row_outer\">\n<div class=\"cmsmasters_row_inner\">\n<div class=\"cmsmasters_row_margin\">\n<div class=\"cmsmasters_column one_first\">\n<div class=\"cmsmasters_text\">\n<p><strong>De ce documente ave\u0163i nevoie pentru transportul substan\u0163elor periculoase?<\/strong><\/p>\n<ol>\n<li>Licen\u0163\u0103 de transport \u015fi\/sau licen\u0163\u0103 de execu\u0163ie pentru vehiculele utilizate la transportul m\u0103rfurilor periculoase. Pentru acest document se face o cerere la Ministerul Transporturilor \u0219i Infrastructurii Drumurilor.<\/li>\n<li>Certificat pentru vehiculul care transporta marf\u0103, eliberat de Ministerul Transporturilor \u0219i Infrastructurii Drumurilor (corespunz\u0103tor tipului de marf\u0103 ADR transportat\u0103)<\/li>\n<li>Echipamente necesare pentru vehiculul rutier conform prevederilor ADR.<\/li>\n<li>Panouri \u015fi etichete pentru semnalizare<\/li>\n<li>Certificat A.D.R. \u2013 certificatul de preg\u0103tire profesional\u0103 eliberat de Ministerul Transporturilor pentru conduc\u0103torii de autovehicule care transporta m\u0103rfuri periculoase.<\/li>\n<\/ol>\n<\/div>\n<div class=\"cmsmasters_text\">\n<p><strong>Ce obliga\u0163ii ave\u0163i \u00een calitate de \u015fofer \u00een timpul unui transport de m\u0103rfuri periculoase?<\/strong><\/p>\n<p>Referitor la preg\u0103tirea specific\u0103 a conduc\u0103torul autovehiculului care transporta marf\u0103 periculoas\u0103, exist\u0103 o prevedere legal\u0103 c\u0103 acesta s\u0103 de\u0163in\u0103 permis de conducere cu o vechime mai mare de un an de la data eliber\u0103rii acestuia, iar compania Olalina Trans v\u0103 ofer\u0103 acest serviciu, prin intermediul unor conduc\u0103tori experimenta\u021bi \u0219i profesioni\u0219ti.<\/p>\n<p><strong>Legea interzice conduc\u0103torului de autovehicul care transporta m\u0103rfuri sau produse periculoase urm\u0103toarele:<\/strong><\/p>\n<ul>\n<li>s\u0103 provoace \u015focuri autovehiculului \u00een mers;<\/li>\n<li>s\u0103 fumeze \u00een timpul mersului ori s\u0103 aprind\u0103 foc la oprire sau sta\u0163ionare, la o distan\u0163\u0103 mai mic\u0103 de 50 m de autovehicul;<\/li>\n<li>s\u0103 lase autovehiculul \u015fi \u00eenc\u0103rc\u0103tur\u0103 f\u0103r\u0103 supravegherea s\u0103, a \u00eenso\u0163itorului ori a unei alte persoane;<\/li>\n<li>s\u0103 remorcheze un vehicul r\u0103mas \u00een p\u00e2n\u0103;<\/li>\n<li>s\u0103 urmeze alte trasee sau s\u0103 sta\u0163ioneze \u00een alte locuri dec\u00e2t cele stabilite;<\/li>\n<li>s\u0103 permit\u0103 prezen\u0163a \u00een autovehicul a altor persoane, cu excep\u0163ia celuilalt conduc\u0103tor, a \u00eenso\u0163itorilor sau a celor care \u00eencarc\u0103 ori descarc\u0103 m\u0103rfurile sau produsele transportate;<\/li>\n<li>s\u0103 p\u0103streze \u00een autovehicul rezerve de combustibil \u00een ambalaje care nu sunt special confec\u0163ionate \u00een acest scop.<\/li>\n<\/ul>\n<p>Nu \u00een ultimul r\u00e2nd, trebuie s\u0103 re\u0163inem c\u0103 scopul principal \u00een cazul unui transport de m\u0103rfuri periculoase este siguran\u0163a, acesta fiind reglementat cu scopul de a preveni accidentele \u015fi daunele cauzate oamenilor sau mediului, iar compania Olalina-Trans preia obliga\u021bia de a v\u0103 asigura ajutorul necesar \u00een transportarea delicat\u0103 al acestor m\u0103rfuri.<\/p>\n<p><strong>Link-uri utile:<br \/>\n<a href=\"http:\/\/olalina-trans.md\/wp-content\/uploads\/2021\/03\/Instructiuni_ADR.pdf\" target=\"\" rel=\"noopener\">1. Instructiuni ADR<\/a><br \/>\n<\/strong><\/p>\n<p><a href=\"http:\/\/olalina-trans.md\/wp-content\/uploads\/ADR-transport-periculos\/Cerinte_ADR.pdf\" target=\"\" rel=\"noopener\">2. Cerinte ADR<\/a><\/p>\n<p><a href=\"http:\/\/lex.justice.md\/index.php?action=view&amp;view=doc&amp;lang=1&amp;id=295153\">3. HOT\u0102R\u00ceRE Nr. 672 din 28.05.2002 cu privire la efectuarea transporturilor de m\u0103rfuri periculoase pe teritoriul Republicii Moldova<\/a><\/p>\n<\/div>\n<\/div>\n<\/div>\n<\/div>\n<\/div>\n<\/div>\n<\/div>\n<div id=\"cmsmasters_row_69d975f3308830_86256570\" class=\"cmsmasters_row cmsmasters_color_scheme_default cmsmasters_row_top_default cmsmasters_row_bot_default cmsmasters_row_boxed\">\n<div class=\"cmsmasters_row_outer_parent\">\n<div class=\"cmsmasters_row_outer\">\n<div class=\"cmsmasters_row_inner\">\n<div class=\"cmsmasters_row_margin\">\n<div class=\"cmsmasters_column one_first\">\n<div class=\"cmsmasters_text\">\n<h1><strong>BENEFICIILE DE LA <span style=\"color: #ed1c24;\">PARTENERIATUL CU OLALINA TRANS:<\/span><\/strong><\/h1>\n<\/div>\n\n<div id=\"cmsmasters_divider_69d975f330acf1_64574942\" class=\"cmsmasters_divider cmsmasters_divider_width_long cmsmasters_divider_pos_center\"><\/div>\n<\/div>\n<\/div>\n<\/div>\n<\/div>\n<\/div>\n<\/div>\n<div id=\"cmsmasters_row_69d975f330b287_23418552\" class=\"cmsmasters_row cmsmasters_color_scheme_default cmsmasters_row_top_default cmsmasters_row_bot_default cmsmasters_row_boxed\">\n<div class=\"cmsmasters_row_outer_parent\">\n<div class=\"cmsmasters_row_outer\">\n<div class=\"cmsmasters_row_inner\">\n<div class=\"cmsmasters_row_margin\">\n<div class=\"cmsmasters_column one_half\">\n\n<div id=\"cmsmasters_icon_box_69d975f330cf35_91927504\" class=\"cmsmasters_icon_box cmsmasters_icon_box_left_top box_icon_type_icon cmsmasters-icon-custom-10\">\n<div class=\"icon_box_inner\">\n<h3 class=\"icon_box_heading\">100% TRANSPORT \u00ceN SIGURAN\u021a\u0102<\/h3>\n<div class=\"icon_box_text\">\n<p><span style=\"color: #333333;\">Pentru a realiza transportul interna\u021bional fiecare vehicul dispune de de asigurare CMR a m\u0103rfii cu limita de r\u0103spundere de 300000\u20ac. Marfa dumneavoastr\u0103 este \u00eentodeauna \u00een siguran\u021b\u0103.<\/span><\/p>\n<\/div>\n<\/div>\n<\/div>\n\n<div id=\"cmsmasters_divider_69d975f330d934_96087144\" class=\"cl\"><\/div>\n\n<div id=\"cmsmasters_icon_box_69d975f330ddf8_99395496\" class=\"cmsmasters_icon_box cmsmasters_icon_box_left_top box_icon_type_icon cmsmasters-icon-custom-18\">\n<div class=\"icon_box_inner\">\n<h3 class=\"icon_box_heading\">TRANSPORT RAPID:<\/h3>\n<div class=\"icon_box_text\">\n<p><span style=\"color: #333333;\">Utiliz\u00e2nd serviciile de transport a companiei OLALINA-TRANS, va asigura\u021bi c\u0103 marfa dvs va ajunge la destina\u021bie la momentul c\u00e2nd aceasta este necesar, reduc\u00e2nd costurile de stoc \u0219i depozitare.<\/span><\/p>\n<\/div>\n<\/div>\n<\/div>\n<\/div>\n<div class=\"cmsmasters_column one_half\">\n\n<div id=\"cmsmasters_icon_box_69d975f330f0a7_90366968\" class=\"cmsmasters_icon_box cmsmasters_icon_box_left_top box_icon_type_icon cmsmasters-icon-custom-01\">\n<div class=\"icon_box_inner\">\n<h3 class=\"icon_box_heading\">FLOT\u0102 MODERN\u0102 DE CAMIOANE:<\/h3>\n<div class=\"icon_box_text\">\n<p>OLALINA-TRANS dispune de o flot\u0103 modern\u0103 de camioane de transport marf\u0103, cu normele EURO 4 \u0219i EURO 6 care garanteaz\u0103 un transport de maxima calitate si flexibilitate<\/p>\n<\/div>\n<\/div>\n<\/div>\n\n<div id=\"cmsmasters_divider_69d975f330f8b1_49298381\" class=\"cl\"><\/div>\n\n<div id=\"cmsmasters_icon_box_69d975f330fd29_18806473\" class=\"cmsmasters_icon_box cmsmasters_icon_box_left_top box_icon_type_icon cmsmasters-icon-custom-08\">\n<div class=\"icon_box_inner\">\n<h3 class=\"icon_box_heading\">MONITORIZARE GPS \u00ceN TIMP REAL<\/h3>\n<div class=\"icon_box_text\">\n<p>Toate camioanele noastre sunt monitorizate prin satelit, at\u00e2t pentru a cre\u0219te transparen\u021ba fa\u021b\u0103 de client, dar \u0219i pentru a fi eficien\u021bi. OLALINA-TRANS v\u0103 asigur\u0103 marfa dvs \u00een cel mai sigur mod posibil.<\/p>\n<\/div>\n<\/div>\n<\/div>\n<\/div>\n<\/div>\n<\/div>\n<\/div>\n<\/div>\n<\/div>\n\n","protected":false},"excerpt":{"rendered":"","protected":false},"author":1,"featured_media":0,"parent":0,"menu_order":0,"comment_status":"closed","ping_status":"closed","template":"","meta":{"_monsterinsights_skip_tracking":false,"_monsterinsights_sitenote_active":false,"_monsterinsights_sitenote_note":"","_monsterinsights_sitenote_category":0,"footnotes":""},"class_list":["post-7767","page","type-page","status-publish","hentry"],"aioseo_notices":[],"_links":{"self":[{"href":"https:\/\/olalina-trans.md\/index.php\/wp-json\/wp\/v2\/pages\/7767","targetHints":{"allow":["GET"]}}],"collection":[{"href":"https:\/\/olalina-trans.md\/index.php\/wp-json\/wp\/v2\/pages"}],"about":[{"href":"https:\/\/olalina-trans.md\/index.php\/wp-json\/wp\/v2\/types\/page"}],"author":[{"embeddable":true,"href":"https:\/\/olalina-trans.md\/index.php\/wp-json\/wp\/v2\/users\/1"}],"replies":[{"embeddable":true,"href":"https:\/\/olalina-trans.md\/index.php\/wp-json\/wp\/v2\/comments?post=7767"}],"version-history":[{"count":9,"href":"https:\/\/olalina-trans.md\/index.php\/wp-json\/wp\/v2\/pages\/7767\/revisions"}],"predecessor-version":[{"id":7783,"href":"https:\/\/olalina-trans.md\/index.php\/wp-json\/wp\/v2\/pages\/7767\/revisions\/7783"}],"wp:attachment":[{"href":"https:\/\/olalina-trans.md\/index.php\/wp-json\/wp\/v2\/media?parent=7767"}],"curies":[{"name":"wp","href":"https:\/\/api.w.org\/{rel}","templated":true}]}}